 + j. What are the prime factors of x?
2
Let x = 97 + -86. What are the prime factors of x?
11
Let k(j) = -j**2 - 4*j + 2. Let u be k(-6). Let f = u - -13. What are the prime factors of f?
3
Suppose -r + 1 = -h, -21 = -3*h - 5*r + 8. Suppose -62 = -h*y - 4*f, -3*f + 6 = 18. Let j = -15 + y. List the prime factors of j.
11
Let k = 2 - -1. Suppose 0 = -0*i - 4*i. Suppose i = -2*z + 3*u + 24, 0 = k*u + u. What are the prime factors of z?
2, 3
Suppose -6*l + 160 + 410 = 0. What are the prime factors of l?
5, 19
Suppose 0 = -2*a + 3*u - 74, 0*a + u - 118 = 3*a. What are the prime factors of (-310)/(-11) + a/220?
2, 7
Let w be (78 - 3/3)*1. Suppose 4*v + 1 - w = 0. What are the prime factors of v?
19
Let k(j) = -j + 3. Let x(h) = h**3 + 6*h**2 - 7*h + 3. Let l be x(-7). Let m be k(l). What are the prime factors of (1 + m)/((-3)/(-6))?
2
Suppose 0 = -j + 6*j - 10. Let d be 3/(-2)*5*2/(-5). Suppose j*f - 14 = -d*x, f + 2*x - 26 = -2*f. What are the prime factors of f?
2, 5
List the prime factors of 26 - 4/(4/(-3)).
29
Let t(b) = -185*b**3 + 4*b**2 + 5*b + 2. List the prime factors of t(-1).
2, 3, 31
Let f be 3 + (0/2 - -62). Suppose 3*t + 2*t = f. List the prime factors of t.
13
Suppose -339 = -4*r - 0*r + 5*z, 4*r - 348 = -4*z. Suppose 3*b - r = -14. List the prime factors of b.
2, 3
Let r(z) = 5*z - 1. Let i(q) = q. Let x(c) = -2*i(c) + r(c). Suppose 2*f + 9 = -3*m + 6*m, 0 = -2*m + 3*f + 1. What are the prime factors of x(m)?
2, 7
Let k be ((-15)/10)/(2/8). List the prime factors of (k/18)/(2/(-78)).
13
Let h = -9 + 15. Let k be -1*-12*h/4. Let u = k - 8. List the prime factors of u.
2, 5
Suppose -6*b = -3*b - 48. Suppose -1 = -2*p - 3*o + 4, -4*p = 4*o - b. What are the prime factors of p?
7
Suppose 5*d + 85 = 380. What are the prime factors of d?
59
Let g be 639/12 + (-3)/12. Suppose 5*a = u - 0*u - 29, -g = -2*u + 5*a. List the prime factors of u.
2, 3
Let f = -16 + 22. Let t(c) = -c**3 + 5*c**2 + 7*c - 5. Let v be t(f). What are the prime factors of (-3 - v)*11/(-4)?
11
Suppose -115 = 2*z - 7*z. List the prime factors of z.
23
Suppose -16 = -5*i - 6. Suppose -4*p + 5*a = -27, -a + 9 = 2*p - i*a. What are the prime factors of 59/4 - p/4?
2, 7
Let h(y) be the first derivative of -y**5/60 - y**4/6 - 2*y**3/3 - 2. Let k(u) be the third derivative of h(u). What are the prime factors of k(-4)?
2
Let l(b) = -b**3 - 8*b**2 + 10*b + 13. Let j be l(-9). Suppose 10 + 74 = j*t. Suppose -4*i = -i - t. List the prime factors of i.
7
Let x(t) = -t**3 + 6*t**2 + 6*t - 7. List the prime factors of x(6).
29
Let a = -20 - -20. Suppose 5*l + 5*k - 195 = a, 3*k = 4*l - 2*k - 192. What are the prime factors of l?
43
Let i(r) = 2*r**2 + 14*r - 3. List the prime factors of i(6).
3, 17
Let j be 2/3 - 80/12. Let b(y) = -2*y + 2. Let z be b(j). What are the prime factors of z*(-3)/(-6) + -1?
2, 3
Suppose -3*x + 86 + 16 = 0. List the prime factors of x.
2, 17
Let d be (-1 - 2/(-2))/(-2). Let s = d + 0. Suppose s = -j - 7 + 19. List the prime factors of j.
2, 3
Let i(l) = l + 9. Let z be (-3)/2*(-42)/(-9). Let n be i(z). Suppose -32 = -n*o - 0*o. What are the prime factors of o?
2
Let l(j) = -j - 2. Let c be l(-2). Let k = c - -9. What are the prime factors of k?
3
Suppose -2*j + 2 = -3*s, 3*s + 2*s - 2*j + 2 = 0. Suppose -3*u - 2*u - 3*w + 45 = s, -4*u = w - 43. Suppose t - u = -t. List the prime factors of t.
2, 3
Let x(y) = -y**2 + 9*y. Let j be x(9). Let h be j + (-15 + 0)/(-3). Suppose 4 = h*g - 4*w, 0*g - 4*w = g - 20. List the prime factors of g.
2
Suppose -7*f = -394 - 5. What are the prime factors of f?
3, 19
Suppose 95 = 2*v + t, v - 2*t = 3*t + 42. Let y = v - 24. What are the prime factors of y?
23
Suppose 19*h - 4946 = 51. List the prime factors of h.
263
Let l = 3 - 1. List the prime factors of l.
2
Let d be 1/((-3)/(-6)) + 9. What are the prime factors of (d - -3) + 1 - 0?
3, 5
Let n = -12 + 70. What are the prime factors of n?
2, 29
Let r(p) = -16*p - 34. List the prime factors of r(-6).
2, 31
Suppose 5*y - 119 = 96. Suppose -3*j + 3*u + 1 = -4*j, -3*u - y = -2*j. List the prime factors of j.
2, 7
Let d(t) = 2*t**3 - 3*t**2 + t. Let f be d(2). Let u = 15 - f. What are the prime factors of u?
3
Suppose 5*k = 5, -18 = s - k - 2*k. Let m = 8 - s. List the prime factors of m.
23
Let o = 118 - 76. List the prime factors of o.
2, 3, 7
List the prime factors of ((-12)/(-8))/((-2)/(-4))*35.
3, 5, 7
Let u be 27/4 + (-2)/(-8). Let c(g) = -2*g + 10. Let x(h) = -6*h + 30. Let l(k) = -10*c(k) + 3*x(k). List the prime factors of l(u).
2
Let x(h) = 36*h - 35. List the prime factors of x(8).
11, 23
Let d be 6/9*(-15)/(-10). What are the prime factors of (-10)/((-2)/(3 - d))?
2, 5
Let t = -19 - -38. Let m = 4 + 9. Let y = t - m. What are the prime factors of y?
2, 3
Let x(b) = -13*b - 41. What are the prime factors of x(-13)?
2
Let h(d) = d**3 + d**2 + 30. Let r be h(0). Suppose g - 3*g = -f + 13, -5*f + g + 20 = 0. Suppose -r = -f*o + o. What are the prime factors of o?
3, 5
Suppose 120 = 7*x + x. What are the prime factors of x?
3, 5
Let a(z) = 3*z**3 - z**3 + 2*z**2 - z**2 - z + 9 - z**3. What are the prime factors of a(0)?
3
Let r = 54 - 30. Let u = -9 + r. What are the prime factors of u?
3, 5
Suppose -5*q - 1 = 4*k - 4, -5*k - 2*q = -25. Suppose k = 5*r - 78. List the prime factors of r.
17
Let d = 4 - 2. Suppose v + 18 = -d*v. Let q = 14 + v. List the prime factors of q.
2
Let k = 368 - 16. What are the prime factors of k?
2, 11
Let p(w) = 3*w**2 - 2*w - 7. Let x(s) = -s**2. Suppose 0 = -v - 0 + 2. Let c(r) = v*x(r) + p(r). List the prime factors of c(5).
2
Suppose -328 - 705 = -5*b + 4*j, 0 = -2*b + 3*j + 409. Suppose -5*d - o = -b, -3*d - o + 49 + 78 = 0. What are the prime factors of d?
41
Let r(i) = -i**2 - 11*i. Suppose 2*v - 4 = -2*a - 20, -3*a = -5*v - 40. List the prime factors of r(v).
2, 3
List the prime factors of -15*4*(-2)/4.
2, 3, 5
Let j be (-4)/(-4) - (0 + 11). Suppose 3*p - 5*s + 6 = -2, 0 = -2*p + 5*s - 2. Let m = p - j. What are the prime factors of m?
2
Let h be (-24)/(-16) - 43/2. Let o = -1 - h. List the prime factors of o.
19
Let s = 42 - -26. Suppose -j + 79 = 4*m, -m + j = 2*m - s. What are the prime factors of m?
3, 7
Let m be (-27)/(-5) + (-2)/5. Suppose -10 = -m*t, 3*u = -4*t - t + 34. What are the prime factors of u?
2
Let l(t) = -t**3 + t**2 - 2*t + 104. List the prime factors of l(0).
2, 13
Let p = 87 + -35. Let u = 77 - p. What are the prime factors of u?
5
Let i(g) = -g**2 - 7*g - 10. Let p be i(-5). Suppose -2*x = -p*o - 5*o - 26, -3*x + 81 = 3*o. List the prime factors of x.
23
Suppose 39 - 15 = -4*j. List the prime factors of (-2)/j - 184/(-6).
31
Suppose -40 - 44 = -2*r. List the prime factors of r.
2, 3, 7
Let b(n) = -n - 2. Let j(x) = -3. Let u(p) = -3*b(p) + 2*j(p). Let v be u(1). Suppose 0 = 4*c - v*c - 7. What are the prime factors of c?
7
Let t(w) = w**3 + 8*w**2 + w + 10. Let d be t(-8). Suppose -2*p = d*p. Let u = p + 4. What are the prime factors of u?
2
Suppose 4*q = 3*q - 14. Let z = 41 + q. List the prime factors of z.
3
Let o be ((-9)/6)/((-2)/60). Suppose 0 = -5*b + 2*b + o. What are the prime factors of b?
3, 5
Let c(o) = o**2 + 2*o + 6. Let g be c(-5). Suppose -3*w + 16 = -11. Let b = g - w. List the prime factors of b.
2, 3
Suppose g - 4*w + 3*w = -3, -5*w + 18 = -2*g. Let j = 3 + g. What are the prime factors of j?
2
Let o(d) = -d**3 - 4*d**2 + 2*d - 6. List the prime factors of o(-6).
2, 3
Let c = 18 + -70. Let s = -32 - c. Suppose -s = -5*f + 4*d - d, -2*f = -d - 9. List the prime factors of f.
7
Let f(m) = -m**2 + m + 2. Let i be f(0). Let g(h) = -1 + 3*h - 9*h - 1 + h**i - 4*h. What are the prime factors of g(11)?
3
Let q = 11 + -7. Suppose -2*p + 3*p + q*y = 56, 0 = -p - 5*y + 61. What are the prime factors of p?
2, 3
What are the prime factors of -94*(-2)/2 - (-2 + 2)?
2, 47
Let a = -2 + 11. Suppose 3*n - q = -0*n - 1, 0 = n + 2*q - 2. Suppose n*b - a = -3*b. What are the prime factors of b?
3
Let p be 1/((-3)/351*-3). Let v = 27 - p. Let h = -6 - v. What are the prime factors of h?
2, 3
Let a(m) = 20*m - 5. What are the prime factors of a(3)?
5, 11
Suppose 2*m = 2*h - m - 71, -3*h + 5*m + 106 = 0. What are the prime factors of h?
37
List the prime factors of 326/3 + -1 - (-17)/51.
2, 3
Suppose 0 = 2*s